7*z**2. Let b be i(6). Let t = 8 - b. What is the greatest common factor of t and 3?
3
Let w = 17 + -12. Suppose -5*n = 3*g - 235, w*g - g - 4*n - 260 = 0. What is the highest common divisor of g and 14?
14
Suppose 2*p = p + 5. Suppose 4*s - 356 = -p*l + 149, 0 = 2*s + 2*l - 250. Suppose 2*i + 153 = 183. Calculate the greatest common factor of s and i.
15
Suppose 4*x - 5*g = 248, 4*x - 5*g - 236 = -3*g. Calculate the greatest common factor of x and 15.
3
Let s be (-44 - -41)/(-2 - 69/(-35)). What is the highest common divisor of 385 and s?
35
Let a(h) = -h**2 - 7*h + 2. Let d be a(-5). Let m = 78 + -90. Let n be 2/m - 290/(-12). What is the greatest common divisor of n and d?
12
Let s = 8 + -60. Let a = 313 - 498. Let x = s - a. What is the highest common factor of 19 and x?
19
Let o(v) = 3*v**2 + 13*v - 12. Let h be o(-7). Let u = 48 - h. What is the highest common factor of u and 32?
4
Suppose -129 = -3*r - 12. What is the greatest common divisor of 39 and r?
39
Let q(p) = 659*p**2 + p. Let s be q(1). Suppose 4*v = 3*u - s, 3*u - 660 = -9*v + 4*v. What is the highest common factor of u and 20?
20
Let v(k) = -k**3 + 5*k**2 + 21*k - 2. Let j be v(8). Let r be (-2)/(2/(-23)) + (-25 - j). What is the highest common divisor of r and 312?
24
Let v(s) = s**3 - 5*s**2 + 8*s - 8. Let h be (-15 - -14)/((-2)/8). Let z be v(h). What is the greatest common factor of 4 and z?
4
Suppose 0*k + 4*a - 192 = -k, 0 = 4*k + a - 798. Let o be (-4)/(-6) - k/(-6). Let v = o - 29. What is the highest common divisor of v and 15?
5
Let k = 43 - 33. Let r = 19 - k. What is the greatest common factor of r and 72?
9
Let d be (39/(-9) + 3)*(-43 + -2). Calculate the highest common divisor of d and 80.
20
Suppose -w - 189 = -5*d + 2*w, 5*d + 2*w = 199. Let o = d - 7. Let y be 12/(9/4 + -2). What is the highest common divisor of o and y?
16
Suppose 3*r + d = -26 + 118, 0 = -2*r + 2*d + 72. Calculate the greatest common factor of 120 and r.
8
Let w = 22 - 17. Suppose 0 = -o - 3 + w. What is the greatest common factor of 18 and o?
2
Let l(j) = -2*j**3 - 62*j**2 + 7*j + 147. Let d be l(-32). Calculate the highest common factor of d and 27.
27
Let q = -107 + 116. Suppose 0 = -5*d, -i + 2*i = 5*d + q. Calculate the greatest common divisor of 72 and i.
9
Suppose -4*m = 12, -2*t + 14 = -5*m + 3*m. Suppose w + t*w + 4*k = 7, 5*w - 25 = 5*k. What is the highest common factor of w and 27?
3
Let u be 1 + -3 + 7 + 5 + -4. Suppose u*x = 12 + 198. What is the greatest common factor of x and 315?
35
Let g be 8 + (-1 + 12/8)*2. Suppose 273 - g = 6*r. What is the greatest common divisor of r and 44?
44
Suppose -3*k - 4*x + 39 = 309, k + 80 = 2*x. Suppose -162 = 7*j - 6*j. Let q = k - j. What is the highest common divisor of 19 and q?
19
Let v be (11745/39 - -5) + (-10)/65. What is the highest common factor of 2 and v?
2
Suppose -4*j - 716 = -o, 10*o - 11*o + 720 = -3*j. What is the highest common factor of o and 24?
12
Let t = 219 + -199. What is the highest common divisor of 50 and t?
10
Let x be -1 - ((-4)/(-4) + -15). Let n = x + -9. Suppose 181 = n*d + 65. Calculate the greatest common factor of d and 145.
29
Let j(h) = -7*h**2 + 101*h - 20. Let c be j(13). What is the greatest common factor of 1375 and c?
55
Let n(o) = -o**2 + 23*o + 27. Let b be n(24). Suppose -b*t = -c - 271 - 130, -117 = -t - 3*c. Calculate the highest common divisor of t and 88.
44
Let g be ((-297)/36)/(4 - 196/48). Calculate the greatest common divisor of g and 462.
33
Suppose 0*s + s - 5 = 0. Suppose 165 = -s*a + 10*a. What is the greatest common divisor of a and 231?
33
Suppose -5*w + 16 = -34. Let k be ((-63)/5 - -1)/(2/10). Let a = 68 + k. What is the highest common factor of a and w?
10
Let d be 21/(-14) - (-140)/8. Calculate the highest common divisor of 16 and d.
16
Let d(f) = 116*f**2 - f - 1. Let t be d(-1). Let z be (1*(-3)/(-2))/((-18)/(-336)). Let c = t - z. What is the greatest common divisor of 8 and c?
8
Let u(t) = t**2 + 8*t - 11. Let b be u(-6). Let c = b + 39. Suppose i = 3*f - i - 14, 2*f + 3*i = 5. What is the highest common divisor of c and f?
4
Suppose -12*u + 6051 = -369. What is the highest common divisor of u and 321?
107
Let u be (-150)/24 + 6 - (-3)/(-4). Let b be (4/(-4))/(u - (-30)/33). What is the greatest common factor of b and 55?
11
Suppose 6*c = 3*c - 192. Let r = c - -107. Suppose -2*l + 0*l - a = -r, a - 83 = -4*l. What is the highest common divisor of 140 and l?
20
Suppose -3*w + 1 = 25. Suppose z = -l + 13, z - 5*l + 15 + 2 = 0. Let n be 6/w - (-166)/z. What is the greatest common divisor of n and 180?
20
Let a(r) = -2*r + 34. Let c be a(17). Suppose -l + c = -1. Let q be (l/(1/(-192)))/(-1). Calculate the greatest common factor of 24 and q.
24
Suppose 4*g - 68 = -0*g + 2*t, 5*g - 76 = -2*t. Let s(x) = x**2 + 2*x + 1. Let i be s(-5). What is the greatest common factor of i and g?
16
Let f(j) = -4*j - 2. Let m be f(-1). Suppose -h - 2*t = -13, -m*t + t + 4 = 0. Suppose -h*q + 259 - 94 = 0. What is the highest common factor of 99 and q?
33
Let a(b) = -16*b + 51. Let x be a(2). What is the greatest common factor of x and 76?
19
Let a = -149 - -105. Let y = 128 + a. Let m = -48 + 69. What is the greatest common factor of m and y?
21
Suppose 0 = -0*h - 4*h - 100. Let d = 37 + h. Suppose -5*l = -10, -3*g + 5*l = -58 + 14. Calculate the highest common divisor of g and d.
6
Let p = -382 + 182. Let j be (10*1)/(16/p). Let m = j + 216. What is the highest common divisor of m and 13?
13
Let i = 1545 - 995. What is the greatest common divisor of i and 100?
50
Let j be 382/54 - (-158)/(-2133). What is the greatest common factor of j and 77?
7
Let y(a) = 2*a**3 - 12*a**2 - 16*a - 29. Let h be y(8). What is the greatest common divisor of 1683 and h?
99
Let b be (-8)/24 - (-690)/18. What is the greatest common divisor of b and 30?
2
Let z be (-13)/(-39)*(-723)/1. Let w = -91 - z. Calculate the highest common factor of w and 30.
30
Let g = 8 + -14. Let i(s) = -s**3 - 2*s**2 + 6*s - 4. Let c be i(g). Let a = c + -54. What is the highest common divisor of a and 10?
10
Let t = 24 - 26. Let r = t + -3. Let n = r - -9. Calculate the highest common divisor of n and 36.
4
Let k be 6/27 + (-731)/9. Let t = 63 - k. Calculate the greatest common factor of 16 and t.
16
Suppose -4*k = 2*s, 3*s + 9*k - 2 = 5*k. Suppose -5*y + 50 = 5*a, y = -5*a + s*y + 50. Calculate the greatest common divisor of a and 40.
10
Suppose -143*x = -169*x + 5408. Suppose 3*u = m + 82, 6*m - 3*m - 118 = -5*u. Calculate the greatest common divisor of u and x.
26
Suppose 0 = 2*a + 12. Let q be (0 - -3) + 144/a. Let c = q + 41. What is the highest common divisor of 50 and c?
10
Let b(y) = 11*y - 266. Let i be b(26). Calculate the greatest common divisor of i and 65.
5
Let t = 194 + -185. Calculate the greatest common factor of t and 144.
9
Suppose 0 = -18*a + 19*a. Let f = a - -52. Calculate the greatest common factor of f and 4.
4
Let r = 49 - 19. Let k be -4*(-90)/(-21)*56/(-4). Calculate the highest common factor of k and r.
30
Suppose 5*j = -10, -7*f + 1148 = -3*f + 2*j. Calculate the greatest common factor of 480 and f.
96
Let j(o) = 3*o**2 - 2*o - 6. Let b be j(4). What is the greatest common factor of 238 and b?
34
Let p be 96 + (3 - (3 + 4)). Let r = p + -62. Suppose 65 = -2*h + 185. What is the greatest common divisor of r and h?
30
Suppose 100*m - 50 = 95*m. Let f = 48 - 23. What is the greatest common factor of m and f?
5
Suppose -2*c - y + 2*y = -4, -2*c - 3*y + 12 = 0. Suppose 6 = 3*a, -3*a + 81 = 6*j - c*j. What is the highest common factor of 25 and j?
25
Let k be 5/(5/(-4)) + 1. Let r be k*7*(-48)/72. Suppose 5*w + 39 = 4*v + r, -2*v = 5*w - 35. What is the greatest common divisor of 2 and v?
2
Suppose -3*g - 185 = 2*g - 2*h, 4*g - 3*h = -155. Let o be (-515)/g - 4/(-14). What is the highest common factor of o and 75?
15
Let j(k) = -225*k + 9. Let g be j(-1). What is the highest common factor of g and 72?
18
Suppose -x + 5 = 0, 4*x + 20 = 11*q - 6*q. What is the greatest common divisor of 88 and q?
8
Suppose 0 = 3*z + q - 172, -5*q + 6*q + 2 = 0. What is the greatest common factor of 203 and z?
29
Let v(f) = -f**3 - 21*f**2 - 17*f - 30. Let p be v(-20). Let g = 103 + p. Let c(n) = -25*n - 7. Let u be c(-6). What 